{"id":38,"date":"2022-04-27T22:40:30","date_gmt":"2022-04-27T20:40:30","guid":{"rendered":"https:\/\/www.wienersukzession.at\/?page_id=38"},"modified":"2023-11-30T20:45:56","modified_gmt":"2023-11-30T19:45:56","slug":"loecher-zum-wachsen","status":"publish","type":"page","link":"https:\/\/www.wienersukzession.at\/","title":{"rendered":"L\u00f6cher zum Wachsen"},"content":{"rendered":"\n<p class=\"has-text-align-left\">Der Weg zur Freiheit in den K\u00f6pfen f\u00fchrt durch den Beton! Genaugenommen durch die Risse und L\u00f6cher darin. Das kann sehr anschaulich und k\u00fcnstlerisch aufbereitet sogar Spa\u00df machen. Wir suchen und finden M\u00f6glichkeits-R\u00e4ume, die der Natur in der Stadt eine Chance geben und lassen sie sich ausbreiten, weil es gar nicht anders geht! Ein besonderes Gew\u00e4chs, <a href=\"https:\/\/songwhip.com\/diewienersukzession\/aufbruch\">die Music Concrete, (der Wiener Sukzessions-Song)<\/a> ist w\u00e4hrend der Projektzeit neben vielen anderen Artefakten entstanden.<\/p>\n\n\n\n<figure class=\"wp-block-gallery has-nested-images columns-default is-cropped wp-block-gallery-1 is-layout-flex wp-block-gallery-is-layout-flex\">\n<figure class=\"wp-block-image size-large\"><img loading=\"lazy\" decoding=\"async\" width=\"1000\" height=\"664\" data-id=\"32\" src=\"https:\/\/www.wienersukzession.at\/wp-content\/uploads\/2022\/04\/Lo\u0308wenzahn-entfernen-Terrasse-ratgeber-haus-und-garten-dot-com.jpg\" alt=\"\" class=\"wp-image-32\"\/><\/figure>\n<figcaption class=\"blocks-gallery-caption wp-element-caption\">Bild: haus-und-garten.com<\/figcaption><\/figure>\n\n\n\n<blockquote class=\"wp-block-quote is-layout-flow wp-block-quote-is-layout-flow\">\n<p><em>&#8222;The Cracks are where the Light comes in&#8220;<\/em><\/p>\n<cite>nach Loenhard Cohen, bzw. Jelaludin Mevlevi Rumi.<\/cite><\/blockquote>\n\n\n<ul class=\"wp-block-latest-posts__list is-grid columns-3 aligncenter wp-block-latest-posts\"><li><div class=\"wp-block-latest-posts__featured-image\"><a href=\"https:\/\/www.wienersukzession.at\/index.php\/unsere-broschuere\/\" aria-label=\"Unsere Brosch\u00fcre\"><img loading=\"lazy\" decoding=\"async\" width=\"150\" height=\"150\" src=\"https:\/\/www.wienersukzession.at\/wp-content\/uploads\/2024\/05\/Plakat-Inhaltsverzeichnis-scaled-e1715712893230-150x150.jpg\" class=\"attachment-thumbnail size-thumbnail wp-post-image\" alt=\"\" style=\"\" \/><\/a><\/div><a class=\"wp-block-latest-posts__post-title\" href=\"https:\/\/www.wienersukzession.at\/index.php\/unsere-broschuere\/\">Unsere Brosch\u00fcre<\/a><\/li>\n<li><div class=\"wp-block-latest-posts__featured-image\"><a href=\"https:\/\/www.wienersukzession.at\/index.php\/haigas-traude-veran\/\" aria-label=\"Haigas &#8211; Traude Veran\"><img loading=\"lazy\" decoding=\"async\" width=\"150\" height=\"150\" src=\"https:\/\/www.wienersukzession.at\/wp-content\/uploads\/2024\/02\/HAIGA_Parkplatzplaene-150x150.jpeg\" class=\"attachment-thumbnail size-thumbnail wp-post-image\" alt=\"\" style=\"\" \/><\/a><\/div><a class=\"wp-block-latest-posts__post-title\" href=\"https:\/\/www.wienersukzession.at\/index.php\/haigas-traude-veran\/\">Haigas &#8211; Traude Veran<\/a><\/li>\n<li><div class=\"wp-block-latest-posts__featured-image\"><a href=\"https:\/\/www.wienersukzession.at\/index.php\/vertikale-strasse\/\" aria-label=\"Vertikale Strasse\"><img loading=\"lazy\" decoding=\"async\" width=\"150\" height=\"150\" src=\"https:\/\/www.wienersukzession.at\/wp-content\/uploads\/2023\/12\/IMG_turm-u-gap-150x150.jpeg\" class=\"attachment-thumbnail size-thumbnail wp-post-image\" alt=\"\" style=\"\" \/><\/a><\/div><a class=\"wp-block-latest-posts__post-title\" href=\"https:\/\/www.wienersukzession.at\/index.php\/vertikale-strasse\/\">Vertikale Strasse<\/a><\/li>\n<\/ul>\n\n\n<p>Wer bestimmt \u00fcber L\u00f6cher, in denen sich spontanes Gr\u00fcn ausbreitet? Wer genehmigt einen Gemeinschaftsgarten, wo bereits Guerilla Gardening geschieht? Wie kreativ und nachhaltig kann Asphalt sein? Wo lassen sich versiegelte Fl\u00e4chen \u00f6ffnen und Hitze zur\u00fcckdr\u00e4ngen durch technisch einfache L\u00f6sungen, Pflanzungen von B\u00e4umen, essbarem Gr\u00fcn oder gar Wildwuchs? <\/p>\n\n\n\n<blockquote class=\"wp-block-quote is-layout-flow wp-block-quote-is-layout-flow\">\n<p><em>&#8222;Unter dem Pflaster, ja da liegt der Strand<\/em><em>&#8222;<\/em><\/p>\n<cite>Schneewittchen, Agit-Hit aus den 1970gern.<\/cite><\/blockquote>\n\n\n\n<figure class=\"wp-block-gallery has-nested-images columns-default is-cropped wp-block-gallery-2 is-layout-flex wp-block-gallery-is-layout-flex\">\n<figure class=\"wp-block-image size-large\"><img loading=\"lazy\" decoding=\"async\" width=\"959\" height=\"1024\" data-id=\"33\" src=\"https:\/\/www.wienersukzession.at\/wp-content\/uploads\/2022\/04\/3d-strassenmalkunst-Graz-Online-Magazin-inside-graz-dot-at.jpg\" alt=\"\" class=\"wp-image-33\"\/><\/figure>\n<\/figure>\n\n\n\n<p>W\u00e4hrend Entsiegelung langsam salonf\u00e4hig wird, kann die Sukzession in Wien auch im Bewusstsein vieler Menschen schon Gutes bewirken. Ein Tee oder Salat aus Wildpflanzen, schmucke Asphalt-Kunstwerke, ein Plan-Spiel zur Erkundung der sukzessiven Gr\u00fcn-Besiedelung, Nachbarschafts-Projekte die aus dem Boden spriessen &#8211; nicht nur da, wo es bereits genehmigte Freifl\u00e4chen gibt. <\/p>\n\n\n\n<p>Konkrete Beispiele aus Initiativen und ganz zuf\u00e4lligen Entwicklungen findest du hier in unserer<em> <a href=\"http:https:\/\/www.wienersukzession.at\/index.php\/sammlungen\/\">L\u00f6cher-, Wildwuchs-, und Asphalt-Sammlung<\/a><\/em>.<\/p>\n\n\n\n<p>Offizielles \u00f6ffentliches Gr\u00fcn ist in Wien in einigen Bezirken neu am entstehen. Nat\u00fcrlich ordentlich geplant, genehmigt und umgesetzt:<br><em><a href=\"https:\/\/www.wien.gv.at\/umwelt\/cooleswien\/raus-aus-dem-asphalt.html\">https:\/\/www.wien.gv.at\/umwelt\/cooleswien\/raus-aus-dem-asphalt.html<\/a><\/em>  <\/p>\n\n\n\n<h2 class=\"wp-block-heading\">L\u00f6cher, die noch fehlen<\/h2>\n\n\n\n<figure class=\"wp-block-image size-full\"><img loading=\"lazy\" decoding=\"async\" width=\"720\" height=\"720\" src=\"https:\/\/www.wienersukzession.at\/wp-content\/uploads\/2022\/05\/Loch-Aufkleber-weiss-3.jpg\" alt=\"\" class=\"wp-image-88\" srcset=\"https:\/\/www.wienersukzession.at\/wp-content\/uploads\/2022\/05\/Loch-Aufkleber-weiss-3.jpg 720w, https:\/\/www.wienersukzession.at\/wp-content\/uploads\/2022\/05\/Loch-Aufkleber-weiss-3-300x300.jpg 300w, https:\/\/www.wienersukzession.at\/wp-content\/uploads\/2022\/05\/Loch-Aufkleber-weiss-3-150x150.jpg 150w\" sizes=\"(max-width: 720px) 100vw, 720px\" \/><\/figure>\n\n\n\n<p>Ein Aufkleber, ein Pickerl das anzeigt, wo sich noch zu wenige L\u00f6cher befinden, die Akkupunktur mit Gr\u00fcn oder weniger Apshalt w\u00fcnschenswert ist. Was gew\u00fcnscht ist, kann auf unsere Seite deponiert werden. Hier starten wir ab sofort eine <a href=\"https:\/\/www.wienersukzession.at\/index.php\/noch-ein-loch-weil\/\">Sammlung f\u00fcr die w\u00fcnschenswerten L\u00f6cher und ihre Inhalte!<\/a> <\/p>\n\n\n\n<p>Die Wiener Sukzession ist ein Projekt, das im Rahmen des Open Innovation in Science Impact Lab <a href=\"https:\/\/asf.uni-ak.ac.at\">&#8218;Action for Sustainable Future&#8216; (ASF)-Hub<\/a> gef\u00f6rdert wird, welches die Universit\u00e4t f\u00fcr angewandte Kunst Wien und die Ludwig Boltzmann Gesellschaft ins Leben gerufen haben.<\/p>\n\n\n\n<figure class=\"wp-block-gallery has-nested-images columns-default wp-block-gallery-3 is-layout-flex wp-block-gallery-is-layout-flex\">\n<figure class=\"wp-block-image size-large\"><img loading=\"lazy\" decoding=\"async\" width=\"640\" height=\"186\" data-id=\"123\" src=\"https:\/\/www.wienersukzession.at\/wp-content\/uploads\/2022\/07\/ASF_hub_sRGB.png\" alt=\"\" class=\"wp-image-123\" srcset=\"https:\/\/www.wienersukzession.at\/wp-content\/uploads\/2022\/07\/ASF_hub_sRGB.png 640w, https:\/\/www.wienersukzession.at\/wp-content\/uploads\/2022\/07\/ASF_hub_sRGB-300x87.png 300w\" sizes=\"(max-width: 640px) 100vw, 640px\" \/><\/figure>\n\n\n\n<figure class=\"wp-block-image size-large\"><img loading=\"lazy\" decoding=\"async\" width=\"640\" height=\"136\" data-id=\"124\" src=\"https:\/\/www.wienersukzession.at\/wp-content\/uploads\/2022\/07\/LBG_Logo_OIS_RGB.png\" alt=\"\" class=\"wp-image-124\" srcset=\"https:\/\/www.wienersukzession.at\/wp-content\/uploads\/2022\/07\/LBG_Logo_OIS_RGB.png 640w, https:\/\/www.wienersukzession.at\/wp-content\/uploads\/2022\/07\/LBG_Logo_OIS_RGB-300x64.png 300w\" sizes=\"(max-width: 640px) 100vw, 640px\" \/><\/figure>\n\n\n\n<figure class=\"wp-block-image size-large\"><img loading=\"lazy\" decoding=\"async\" width=\"358\" height=\"112\" data-id=\"125\" src=\"https:\/\/www.wienersukzession.at\/wp-content\/uploads\/2022\/07\/Die-Angewandte-Logo_4C_30-39mm.jpg\" alt=\"\" class=\"wp-image-125\" srcset=\"https:\/\/www.wienersukzession.at\/wp-content\/uploads\/2022\/07\/Die-Angewandte-Logo_4C_30-39mm.jpg 358w, https:\/\/www.wienersukzession.at\/wp-content\/uploads\/2022\/07\/Die-Angewandte-Logo_4C_30-39mm-300x94.jpg 300w\" sizes=\"(max-width: 358px) 100vw, 358px\" \/><\/figure>\n<\/figure>\n","protected":false},"excerpt":{"rendered":"<p>Der Weg zur Freiheit in den K\u00f6pfen f\u00fchrt durch den Beton! Genaugenommen durch die Risse und L\u00f6cher darin. Das kann sehr anschaulich und k\u00fcnstlerisch aufbereitet sogar Spa\u00df machen. Wir suchen und finden M\u00f6glichkeits-R\u00e4ume, die der Natur in der Stadt eine Chance geben und lassen sie sich ausbreiten, weil es gar nicht anders geht! Ein besonderes [&hellip;]<\/p>\n","protected":false},"author":1,"featured_media":0,"parent":0,"menu_order":0,"comment_status":"closed","ping_status":"closed","template":"","meta":{"footnotes":""},"_links":{"self":[{"href":"https:\/\/www.wienersukzession.at\/index.php\/wp-json\/wp\/v2\/pages\/38"}],"collection":[{"href":"https:\/\/www.wienersukzession.at\/index.php\/wp-json\/wp\/v2\/pages"}],"about":[{"href":"https:\/\/www.wienersukzession.at\/index.php\/wp-json\/wp\/v2\/types\/page"}],"author":[{"embeddable":true,"href":"https:\/\/www.wienersukzession.at\/index.php\/wp-json\/wp\/v2\/users\/1"}],"replies":[{"embeddable":true,"href":"https:\/\/www.wienersukzession.at\/index.php\/wp-json\/wp\/v2\/comments?post=38"}],"version-history":[{"count":16,"href":"https:\/\/www.wienersukzession.at\/index.php\/wp-json\/wp\/v2\/pages\/38\/revisions"}],"predecessor-version":[{"id":352,"href":"https:\/\/www.wienersukzession.at\/index.php\/wp-json\/wp\/v2\/pages\/38\/revisions\/352"}],"wp:attachment":[{"href":"https:\/\/www.wienersukzession.at\/index.php\/wp-json\/wp\/v2\/media?parent=38"}],"curies":[{"name":"wp","href":"https:\/\/api.w.org\/{rel}","templated":true}]}}

Löcher zum Wachsen

<p class="has-text-align-left">Der Weg zur Freiheit in den Köpfen führt durch den Beton! Genaugenommen durch die Risse und Löcher darin. Das kann sehr anschaulich und künstlerisch aufbereitet sogar Spaß machen. Wir suchen und finden Möglichkeits-Räume, die der Natur in der Stadt eine Chance geben und lassen sie sich ausbreiten, weil es gar nicht anders geht! Ein besonderes Gewächs, <a href="https://songwhip.com/diewienersukzession/aufbruch">die Music Concrete, (der Wiener Sukzessions-Song)</a> ist während der Projektzeit neben vielen anderen Artefakten entstanden.</p>



<figure class="wp-block-gallery has-nested-images columns-default is-cropped wp-block-gallery-1 is-layout-flex wp-block-gallery-is-layout-flex">
<figure class="wp-block-image size-large"><img loading="lazy" decoding="async" width="1000" height="664" data-id="32" src="https://www.wienersukzession.at/wp-content/uploads/2022/04/Löwenzahn-entfernen-Terrasse-ratgeber-haus-und-garten-dot-com.jpg" alt="" class="wp-image-32"/></figure>
<figcaption class="blocks-gallery-caption wp-element-caption">Bild: haus-und-garten.com</figcaption></figure>



<blockquote class="wp-block-quote is-layout-flow wp-block-quote-is-layout-flow">
<p><em>&#8222;The Cracks are where the Light comes in&#8220;</em></p>
<cite>nach Loenhard Cohen, bzw. Jelaludin Mevlevi Rumi.</cite></blockquote>


<ul class="wp-block-latest-posts__list is-grid columns-3 aligncenter wp-block-latest-posts"><li><div class="wp-block-latest-posts__featured-image"><a href="https://www.wienersukzession.at/index.php/unsere-broschuere/" aria-label="Unsere Broschüre"><img loading="lazy" decoding="async" width="150" height="150" src="https://www.wienersukzession.at/wp-content/uploads/2024/05/Plakat-Inhaltsverzeichnis-scaled-e1715712893230-150x150.jpg" class="attachment-thumbnail size-thumbnail wp-post-image" alt="" style="" /></a></div><a class="wp-block-latest-posts__post-title" href="https://www.wienersukzession.at/index.php/unsere-broschuere/">Unsere Broschüre</a></li>
<li><div class="wp-block-latest-posts__featured-image"><a href="https://www.wienersukzession.at/index.php/haigas-traude-veran/" aria-label="Haigas &#8211; Traude Veran"><img loading="lazy" decoding="async" width="150" height="150" src="https://www.wienersukzession.at/wp-content/uploads/2024/02/HAIGA_Parkplatzplaene-150x150.jpeg" class="attachment-thumbnail size-thumbnail wp-post-image" alt="" style="" /></a></div><a class="wp-block-latest-posts__post-title" href="https://www.wienersukzession.at/index.php/haigas-traude-veran/">Haigas &#8211; Traude Veran</a></li>
<li><div class="wp-block-latest-posts__featured-image"><a href="https://www.wienersukzession.at/index.php/vertikale-strasse/" aria-label="Vertikale Strasse"><img loading="lazy" decoding="async" width="150" height="150" src="https://www.wienersukzession.at/wp-content/uploads/2023/12/IMG_turm-u-gap-150x150.jpeg" class="attachment-thumbnail size-thumbnail wp-post-image" alt="" style="" /></a></div><a class="wp-block-latest-posts__post-title" href="https://www.wienersukzession.at/index.php/vertikale-strasse/">Vertikale Strasse</a></li>
</ul>


<p>Wer bestimmt über Löcher, in denen sich spontanes Grün ausbreitet? Wer genehmigt einen Gemeinschaftsgarten, wo bereits Guerilla Gardening geschieht? Wie kreativ und nachhaltig kann Asphalt sein? Wo lassen sich versiegelte Flächen öffnen und Hitze zurückdrängen durch technisch einfache Lösungen, Pflanzungen von Bäumen, essbarem Grün oder gar Wildwuchs? </p>



<blockquote class="wp-block-quote is-layout-flow wp-block-quote-is-layout-flow">
<p><em>&#8222;Unter dem Pflaster, ja da liegt der Strand</em><em>&#8222;</em></p>
<cite>Schneewittchen, Agit-Hit aus den 1970gern.</cite></blockquote>



<figure class="wp-block-gallery has-nested-images columns-default is-cropped wp-block-gallery-2 is-layout-flex wp-block-gallery-is-layout-flex">
<figure class="wp-block-image size-large"><img loading="lazy" decoding="async" width="959" height="1024" data-id="33" src="https://www.wienersukzession.at/wp-content/uploads/2022/04/3d-strassenmalkunst-Graz-Online-Magazin-inside-graz-dot-at.jpg" alt="" class="wp-image-33"/></figure>
</figure>



<p>Während Entsiegelung langsam salonfähig wird, kann die Sukzession in Wien auch im Bewusstsein vieler Menschen schon Gutes bewirken. Ein Tee oder Salat aus Wildpflanzen, schmucke Asphalt-Kunstwerke, ein Plan-Spiel zur Erkundung der sukzessiven Grün-Besiedelung, Nachbarschafts-Projekte die aus dem Boden spriessen &#8211; nicht nur da, wo es bereits genehmigte Freiflächen gibt. </p>



<p>Konkrete Beispiele aus Initiativen und ganz zufälligen Entwicklungen findest du hier in unserer<em> <a href="http:https://www.wienersukzession.at/index.php/sammlungen/">Löcher-, Wildwuchs-, und Asphalt-Sammlung</a></em>.</p>



<p>Offizielles öffentliches Grün ist in Wien in einigen Bezirken neu am entstehen. Natürlich ordentlich geplant, genehmigt und umgesetzt:<br><em><a href="https://www.wien.gv.at/umwelt/cooleswien/raus-aus-dem-asphalt.html">https://www.wien.gv.at/umwelt/cooleswien/raus-aus-dem-asphalt.html</a></em>  </p>



<h2 class="wp-block-heading">Löcher, die noch fehlen</h2>



<figure class="wp-block-image size-full"><img loading="lazy" decoding="async" width="720" height="720" src="https://www.wienersukzession.at/wp-content/uploads/2022/05/Loch-Aufkleber-weiss-3.jpg" alt="" class="wp-image-88" srcset="https://www.wienersukzession.at/wp-content/uploads/2022/05/Loch-Aufkleber-weiss-3.jpg 720w, https://www.wienersukzession.at/wp-content/uploads/2022/05/Loch-Aufkleber-weiss-3-300x300.jpg 300w, https://www.wienersukzession.at/wp-content/uploads/2022/05/Loch-Aufkleber-weiss-3-150x150.jpg 150w" sizes="(max-width: 720px) 100vw, 720px" /></figure>



<p>Ein Aufkleber, ein Pickerl das anzeigt, wo sich noch zu wenige Löcher befinden, die Akkupunktur mit Grün oder weniger Apshalt wünschenswert ist. Was gewünscht ist, kann auf unsere Seite deponiert werden. Hier starten wir ab sofort eine <a href="https://www.wienersukzession.at/index.php/noch-ein-loch-weil/">Sammlung für die wünschenswerten Löcher und ihre Inhalte!</a> </p>



<p>Die Wiener Sukzession ist ein Projekt, das im Rahmen des Open Innovation in Science Impact Lab <a href="https://asf.uni-ak.ac.at">&#8218;Action for Sustainable Future&#8216; (ASF)-Hub</a> gefördert wird, welches die Universität für angewandte Kunst Wien und die Ludwig Boltzmann Gesellschaft ins Leben gerufen haben.</p>



<figure class="wp-block-gallery has-nested-images columns-default wp-block-gallery-3 is-layout-flex wp-block-gallery-is-layout-flex">
<figure class="wp-block-image size-large"><img loading="lazy" decoding="async" width="640" height="186" data-id="123" src="https://www.wienersukzession.at/wp-content/uploads/2022/07/ASF_hub_sRGB.png" alt="" class="wp-image-123" srcset="https://www.wienersukzession.at/wp-content/uploads/2022/07/ASF_hub_sRGB.png 640w, https://www.wienersukzession.at/wp-content/uploads/2022/07/ASF_hub_sRGB-300x87.png 300w" sizes="(max-width: 640px) 100vw, 640px" /></figure>



<figure class="wp-block-image size-large"><img loading="lazy" decoding="async" width="640" height="136" data-id="124" src="https://www.wienersukzession.at/wp-content/uploads/2022/07/LBG_Logo_OIS_RGB.png" alt="" class="wp-image-124" srcset="https://www.wienersukzession.at/wp-content/uploads/2022/07/LBG_Logo_OIS_RGB.png 640w, https://www.wienersukzession.at/wp-content/uploads/2022/07/LBG_Logo_OIS_RGB-300x64.png 300w" sizes="(max-width: 640px) 100vw, 640px" /></figure>



<figure class="wp-block-image size-large"><img loading="lazy" decoding="async" width="358" height="112" data-id="125" src="https://www.wienersukzession.at/wp-content/uploads/2022/07/Die-Angewandte-Logo_4C_30-39mm.jpg" alt="" class="wp-image-125" srcset="https://www.wienersukzession.at/wp-content/uploads/2022/07/Die-Angewandte-Logo_4C_30-39mm.jpg 358w, https://www.wienersukzession.at/wp-content/uploads/2022/07/Die-Angewandte-Logo_4C_30-39mm-300x94.jpg 300w" sizes="(max-width: 358px) 100vw, 358px" /></figure>
</figure>

<p>Der Weg zur Freiheit in den Köpfen führt durch den Beton! Genaugenommen durch die Risse und Löcher darin. Das kann sehr anschaulich und künstlerisch aufbereitet sogar Spaß machen. Wir suchen und finden Möglichkeits-Räume, die der Natur in der Stadt eine Chance geben und lassen sie sich ausbreiten, weil es gar nicht anders geht! Ein besonderes [&hellip;]</p>
